t i be ((-1496)/20)/(2/(-20)). Calculate the highest common factor of 44 and i.
44
Suppose 61 + 15 = 4*m. Let w = 5 - m. Let d be (-416)/w + (-12)/(-42). What is the highest common divisor of d and 10?
10
Let k be (2 - 4)*-2*(-94)/8. Let g = k - -53. Calculate the highest common factor of 2 and g.
2
Let n(o) = o**3 + 2*o**2 - 2*o + 1. Let m be n(1). Let v be 0 - (-3 + m + 1). Suppose v*l = 2*l - 308. Calculate the highest common divisor of l and 14.
14
Suppose 3*l - p = 5*l - 376, 179 = l - 4*p. Calculate the highest common divisor of l and 34.
17
Suppose 2*d - 14 = -4. Suppose -4*n + 148 = -4*m, d*m + 10 = -10. Calculate the highest common divisor of 33 and n.
33
Let u(o) = o + 2. Let d be u(1). Suppose q - 10 = -d. Calculate the highest common divisor of 7 and q.
7
Let q(c) = -5*c - 7. Let r be q(-5). Let f(n) = -50*n - 1038. Let v be f(-21). What is the greatest common divisor of v and r?
6
Let z be (-142)/(-4) - (-2)/4. Let g(h) = -h**3 - 21*h**2 - 52*h + 45. Let x be g(-18). Calculate the highest common factor of x and z.
9
Let u = 6 + -4. Suppose 0*g - u*g = -16. Let n be (g + -2)*(-3)/(-2). Calculate the greatest common divisor of 3 and n.
3
Suppose -2*i = 17 + 9. Let r = -25 - i. Let k be (-114)/2*r/18. What is the greatest common factor of k and 95?
19
Suppose -4*t = -q + 18, 3*q - 4*t = -5*t + 15. Let k be -5 - (-2 - (-1 - -5)). Suppose r - 3 = -k. Calculate the greatest common factor of q and r.
2
Let p = -265 + 305. What is the highest common factor of 5 and p?
5
Let k be (3/(-2))/(3/(-32)). Suppose 19*t = 33*t - 126. Suppose -240 = 6*a - t*a. What is the greatest common factor of k and a?
16
Let f be 1 - (4 + (3 - 3)). Let u(m) = 11*m**3 - m**2 + 2*m - 1. Let p be u(1). Let l = f + p. Calculate the greatest common divisor of 32 and l.
8
Let q be ((-15)/9 + 2)*243. What is the highest common factor of 3 and q?
3
Let u(s) = -50*s + 274. Let b be u(5). Calculate the highest common divisor of b and 384.
24
Let o be (2 + -3)/((-3)/(-51)). Let q = 17 + o. Suppose q = -3*w - 2*w + 55. Calculate the greatest common divisor of 11 and w.
11
Let z be (-2361)/(-3) + -1*3. Suppose 239 + z = 11*k. Calculate the greatest common factor of 62 and k.
31
Let q(x) = 3 - 4 - 4*x - 2 + 4. Let h be q(-11). Suppose 0 = 4*r - 4*z + 3*z - 23, -4 = r + 3*z. Calculate the greatest common factor of r and h.
5
Let q(s) = -16*s**2 - 16 + s**3 + 2*s + 25 - 10. Let m be q(16). Suppose 3*p = m + 5. What is the highest common factor of p and 24?
12
Suppose -3*o + 1 = 13, -4*s + 4*o + 20 = 0. Calculate the highest common factor of 2 and s.
1
Suppose 4*u + 4*y = 72, 0*y - 8 = 2*y. Suppose -3*b = -2*b + 59. Let s = b - -114. What is the highest common factor of u and s?
11
Let c(b) be the first derivative of 19*b**2/2 - 23*b - 19. Let j be c(5). Calculate the greatest common factor of 9 and j.
9
Suppose 0 = -w + 7*w. Suppose w*o - 6 = -o. Suppose 6*y - 8 = 2*y. Calculate the greatest common divisor of y and o.
2
Let x(u) = -76*u**3 + u. Let l be x(-1). Let z be 15010/l - 6/45. What is the greatest common factor of 25 and z?
25
Let x(f) = f**2 + 2*f + 3. Let u be x(-6). Suppose -29*s + u*s + 10 = 0. Calculate the highest common divisor of s and 35.
5
Let j(y) = -y**3 - 7*y**2 + 13*y - 13. Let n be j(4). Let x = 140 + n. Calculate the highest common divisor of x and 33.
3
Let q be 24/4 - (3 + -8 - 1925). Calculate the greatest common factor of q and 121.
121
Suppose -4*p + 4*v = -736, -4*v - 368 = -5*p + 548. Calculate the greatest common factor of 240 and p.
60
Let m be (11/(-3))/(155/(-30) + 5). Let v be (1 - -4 - 2)*m. What is the highest common divisor of v and 44?
22
Suppose -2*u + 5*z = -30, -3*u = 2*z + 2*z + 1. Suppose 3*f + 30 = f. Let x = u - f. Calculate the highest common divisor of 20 and x.
20
Suppose 19 = 3*j - 2. Suppose 0 = j*n - 8*n + 10. What is the highest common divisor of n and 5?
5
Suppose -5*x + 120 = -2*x. Suppose 0 = 5*m - 10, 0*o - m = o - 18. Calculate the highest common divisor of x and o.
8
Suppose 10*f - 116 - 184 = 0. Suppose 2*x = -4*p, -x = -2*x + p + 9. Calculate the greatest common divisor of f and x.
6
Let j = -591 - -914. What is the highest common factor of 17 and j?
17
Suppose -5*l = -4*l, 0 = 2*q + 2*l - 200. Suppose 0*d - d + 1 = 0. Let z be 2 + d - (-7 + -10). Calculate the highest common divisor of q and z.
20
Let b be -3 + -3 + (36 - 2). Let k be (-1042)/(-13) - b/182. Suppose s - 3*q - 22 = 0, 0 = 4*s + 2*q - 26 - 34. What is the greatest common divisor of k and s?
16
Let i = 129 + -85. Suppose p - 2*u = 4 + 7, 4*p = -4*u + i. What is the greatest common divisor of p and 55?
11
Let x(j) = j - 5. Let r be x(9). Suppose 224 = 4*k - 4*b, 169 + 47 = r*k - 2*b. Suppose 8*a + 51 - 259 = 0. Calculate the highest common divisor of k and a.
26
Let y(m) = -m**3 - 3*m**2 + 2. Let a be y(-3). Let f(i) = i + 30. Let d be f(-26). Calculate the highest common factor of d and a.
2
Let f = -790 - -935. What is the greatest common factor of 29 and f?
29
Let y = -11 - -15. Suppose -5*d - y*c = 15, -3*c + 6 = 2*d - 4*d. Let r be -2 + (d - -4) - -15. Calculate the greatest common factor of r and 14.
14
Let t = 1796 - 1766. Calculate the highest common factor of t and 130.
10
Suppose 69 = 6*u + 39. Suppose -z + 3 - 25 = -5*g, -3*g + 24 = 3*z. Suppose -i + 0 = -3, 711 = u*q - z*i. What is the greatest common factor of 18 and q?
18
Suppose -2989 - 3563 = -18*y. Calculate the greatest common divisor of y and 91.
91
Let s = 40 - 26. Let b be s/(-14) + (-1 - -22). Let u be 4/(12/51) + 3. What is the greatest common divisor of b and u?
20
Suppose 2*w + 280 = 2*s, -2*s + 110*w - 114*w = -304. What is the greatest common divisor of s and 400?
16
Let c be (-458 + -3)*-3 - (6 + 0). What is the greatest common divisor of c and 81?
81
Let n = 7 - 7. Suppose 3*k + 388 - 1114 = n. What is the highest common factor of 22 and k?
22
Let l be (-592)/(-10)*(-3 + (-11)/(-2)). What is the greatest common divisor of l and 37?
37
Let r = -223 - -398. Suppose -13*b = -328 - 127. Let n = b + -10. Calculate the highest common factor of r and n.
25
Suppose -c = 5*k - 32 - 3, 17 = 2*k + c. Let y(b) = -2*b**3 - 9*b + b**3 + 0 + 6 + 8*b**2. Let r be y(k). Calculate the greatest common divisor of r and 60.
12
Let u be 48*-7*2/(-8). Calculate the highest common factor of u and 56.
28
Let r be (-41)/123 + (-49)/(-3). Let y = 1 + -1. Suppose 5*x - 2*x - 24 = y. Calculate the greatest common divisor of r and x.
8
Suppose 364*f + 592 = 368*f. Calculate the highest common factor of 4 and f.
4
Suppose -3*q - 2*q - 3*p = -11, 3 = -q + 2*p. Suppose r + q - 11 = 0. Calculate the greatest common factor of r and 5.
5
Let r(n) = 14*n + 4. Suppose 2*g - 7*g + 2*o = -10, -5*g - 4*o = -40. Let z be r(g). Suppose -4*d + z = -d. What is the greatest common divisor of 8 and d?
4
Let d(x) = 13*x + 663. Let c be d(-33). Calculate the highest common divisor of 130 and c.
26
Suppose 0 = 6*p - p - 90. Let x be 1*15 - (-1647)/(-183). What is the greatest common factor of p and x?
6
Let h = 116 + -67. Let w = -35 + h. Calculate the highest common factor of 2 and w.
2
Let g = 4 + 7. Suppose -13*k + g*k + 6 = 0. Let c(z) = -3*z + 3. Let u be c(-10). What is the greatest common divisor of k and u?
3
Let h(x) = -x**2 + 38*x - 200. Let f be h(18). Calculate the greatest common divisor of f and 100.
20
Suppose -6*t - 82 = -u, 0 = -u - u - 2*t + 136. Calculate the highest common factor of 10 and u.
10
Let v be 3*6/3 + (76 - -38). Calculate the greatest common divisor of v and 450.
30
Let p = 18 + -50. Let v be (-1656)/p - 1/(-4). Suppose -3*q + 26 + v = 0. What is the highest common divisor of q and 65?
13
Let p be (5 - 6)/(1/(-144)*3). Calculate the greatest common divisor of 72 and p.
24
Let w(n) = -n**3 - n**2 + 2*n + 19. Let b be w(0). Let z = b + -34. Let g be (-2 - z/3) + 13. Calculate the greatest common divisor of 176 and g.
16
Let o(z) = z**3 - 6*z**2 + 4*z + 9. Let a be o(5). Suppose 0*w + 87 = 5*d - w, -62 = -a*d - 3*w. What is the highest common factor of d and 17?
17
Let r = 23 - 23. Suppose w = -5*x + 92, r = w - 3*w - 5*x + 179. Suppose -t + w = 15. Calculate the greatest common divisor of t and 18.
18
Suppose 57*o - 101 - 70 = 0. Let w = 29 - 5. Calculate the highest common divisor of o a